*b + 23. Let h be z(-10). Determine u(h).
-29
Let u(q) = 4*q + 4. Let c be u(-1). Suppose 5*a - 2*a + 5*j - 16 = c, 0 = -3*a - 2*j + 19. Let t(w) = -2*w + 7. Give t(a).
-7
Let f(s) = -121*s - 2417. Let r be f(-20). Let u(t) be the second derivative of t + 1/2*t**3 + 0 - 1/12*t**4 + 3/2*t**2. What is u(r)?
3
Let l(w) = 5*w**3 - 4*w**2 + 8*w - 3. Let i(x) = -12*x**3 + 7*x**2 - 17*x + 7. Let v(f) = 2*i(f) + 5*l(f). Let j = 6 - 1. Give v(j).
4
Let b be 7 + -3*52/13. Let p(k) = -7*k - 11. What is p(b)?
24
Let t(h) be the first derivative of -1/3*h**3 - 5/2*h**2 + h + 1. Let w = -1499 + 1493. What is t(w)?
-5
Let l(g) = -9*g + 0*g + g**2 + 0*g**2 + 0*g - 2. Determine l(8).
-10
Let i be (-96)/15 - (-3)/(30/4). Let g(o) = 4*o + 8. Give g(i).
-16
Let w(j) = -4*j - 5 - 3*j**2 + 3 + 0*j**2. Let k be ((-54)/(-12))/(6/4). Let r = k - 5. What is w(r)?
-6
Let a be (15 - 35 - -19)/(1/(-9)). Let r(z) = z**2 - 12*z - 6. Determine r(a).
-33
Let m(i) = 13*i**3 + 8*i**2 - 14*i + 7. Let w(a) = -2*a**3 + a. Let g(d) = -m(d) - 6*w(d). Calculate g(-9).
2
Suppose 3*o = -5*g + 13, -o = 4*o - 4*g + 3. Let m(h) = -10*h - 1. Determine m(o).
-11
Suppose i - 6 = g - 10, -4*i - 4*g - 24 = 0. Let x(u) = u**3 + 6*u**2 + 5*u - 5. Give x(i).
-5
Let f = 6 + -11. Let w(r) = -9*r**3 - 6*r**2 - 10*r. Let m(h) = 16*h**3 + 10*h**2 + 19*h + 1. Let d(x) = 5*m(x) + 9*w(x). What is d(f)?
5
Let y be 1/3 - (-418)/33 - -1. Let g = y + -16. Let d(p) = -4*p - 1. What is d(g)?
7
Let v(w) = -10*w**2 - 38*w + 13. Let a(n) = 3*n**2 + 12*n - 4. Let f(q) = 7*a(q) + 2*v(q). What is f(-5)?
-17
Let h(j) = -3*j**3 - j**2 + 6*j**3 - 2*j**3. Suppose -2 = -7*d + 12. Calculate h(d).
4
Let j(w) = w**3 - w - 1. Let a(r) = -2*r**3 - 6*r**2 + 8*r + 9. Let y(u) = a(u) + 3*j(u). Let x be -2 + 6 - (2 + 22). Let l = 25 + x. What is y(l)?
6
Let k(i) be the third derivative of i**6/120 - 3*i**5/20 + i**4/24 + 13*i**3/6 + 3*i**2 + 137. Calculate k(9).
22
Let z(o) = o**3 - 4*o**2 - 3*o + 4. Suppose 2*h + 32 = 6*h + 4*w, 14 = 4*h - 2*w. What is z(h)?
14
Let t be (4/12)/(6/1224). Let h(p) = 134*p + 8*p**2 - t*p - 67*p. What is h(1)?
7
Let a(m) be the first derivative of m**2/2 - 3*m - 34. Let c be ((-8)/6)/(3/(-9)). Suppose 0 = x + c - 8. What is a(x)?
1
Let s(g) = 2*g**2 - 8*g + 5. Let c(a) = a**2 - a. Let x(n) = -c(n) + s(n). Let k = -25 - -14. Let z = k + 15. What is x(z)?
-7
Let g(j) = 8*j**2 + 4*j - 8. Suppose 2*w - 10*w = 56. Let c(q) = 9*q**2 + 4*q - 9. Let d(l) = w*g(l) + 6*c(l). Give d(-4).
-14
Let c(b) = 4*b**3 + 18*b**2 + 10*b + 21. Let m(y) = 11*y**3 + 53*y**2 + 32*y + 63. Let r(v) = 8*c(v) - 3*m(v). Calculate r(-14).
7
Let a = -15 + 27. Suppose -2*w - 2*u = -a, 0 = w + 2*w - 4*u - 46. Let c(p) = 8 - 5*p + w*p - 2*p. Give c(-6).
-10
Let w(r) = -r + 5. Let o = -2530 + 2526. Determine w(o).
9
Let t(b) = -3*b**2 - b + 1. Let z(i) = -i**2 + i + 8. Let m be z(0). Suppose 0 = -3*h + 17 - m. Suppose o - h*o = 4. Give t(o).
-9
Let d(l) = -l**3 + 7*l**2 - l + 1. Let g be d(6). Let s = -33 + g. Let f(x) = 4*x + 4. Let w(y) = y + 1. Let r(q) = f(q) - 3*w(q). Determine r(s).
-1
Let p(u) = -3*u**2 + 23*u - 15. Let j be 6/48 + (-440)/(-64). Calculate p(j).
-1
Suppose 17*m - 14*m - 24 = 0. Let n(y) = -5 + m + 14*y - 6*y. Calculate n(-2).
-13
Let h(u) = -u**2 + 10*u - 2. Let s(n) = n + 1. Let v(a) = -h(a) + 3*s(a). Let m(w) = -2*w - 2. Let g be m(-3). Suppose 16 = g*f, -4*f = -c + f - 16. Give v(c).
-7
Let o(q) = 0 + 0 - 5*q - 3 + 2. Give o(-4).
19
Suppose -12*r = -9*r - 6. Let m(p) = -14*p**3 + 9*p**3 + p**2 - 4*p**r + 2*p**2. Calculate m(1).
-6
Let z be 115 + 1/(-3 + 4). Let m(c) = 5*c - 4 + 119*c**2 - 236*c**2 + z*c**2. Give m(3).
2
Let h(d) = -5*d**3 - 2*d**2 + 1. Let x be 5 - 7*30/35. Give h(x).
4
Let i = 3 - -2. Let w(n) = n**2 + 7*n - 118. Let h be w(-15). Let r(x) = 1 - 21*x**h + 22*x**2 + i. Give r(0).
6
Let a(o) = 3*o + 11. Let j(m) = m**3 - 11*m**2 - 16*m + 44. Let n be j(12). Determine a(n).
-1
Let r(s) = s**2 - 3*s - 3. Let l be (-1 - 1) + -11 + 0. Let o be (-10 - l)/(0 + 1). Give r(o).
-3
Let l(p) = -33*p - 2 + 27*p + 4*p**2 - p**2 - p**2 + 0*p**2. Give l(4).
6
Let t(f) = -f + 4. Let v(m) = 7*m - 35. Let d(o) = -35*t(o) - 4*v(o). Calculate d(-3).
-21
Let h(s) = -11*s - 20. Let f be (-31)/((-93)/(-30)) + 2. What is h(f)?
68
Let x(o) = -2*o + 1. Let g be ((-54)/21)/((-21)/98). Suppose -p + 4*r - g = 0, -r - 32 = -5*p - 4*r. Determine x(p).
-7
Let i(k) = k**2 + 6*k + 1. Suppose -41 = 7*d + 8. Determine i(d).
8
Let v(j) = 2*j + 25. Let g be (-59)/4 + ((-87)/(-12))/(-29). Calculate v(g).
-5
Let w(u) = -u**2 - 4*u + 6. Let i be w(-6). Let x(d) = -d - 1. Let j(y) = 9*y + 12. Let p(z) = i*x(z) - j(z). Let n = -39 - -33. What is p(n)?
12
Let j(z) be the first derivative of -9*z**4/4 - z**2 - z + 613. Determine j(-1).
10
Let t(z) = z**2 + 9*z + 2. Let q be t(-10). Let n(m) = -7 - m + 7 - q. Determine n(-5).
-7
Let y(q) = q + 5. Let g = -40 - -47. Let f = 4 - 2. Let w = f - g. Calculate y(w).
0
Let z(u) be the first derivative of u**2/2 + 8*u + 2. Let n be (-10)/15 + (-14)/6. Let g be (-3 + 30/(-18))/(2/n). Give z(g).
15
Suppose p = 3*y + 5, p = 2*p + 5*y + 3. Suppose p*u - 18 = -2*b, 0*b - 2*b = 0. Let h(x) = -u*x - 3 + 1 - 8*x**2 - x**3 - 7. Determine h(-7).
5
Let q be 6 - 2*(1 - 0). Let i(r) = 2*r**2 + r**2 + r**3 + r**2 + r - q. Suppose -40 = -46*h + 31*h - 100. Calculate i(h).
-8
Let o(q) = -2*q + 41. Let g = -1916 - -1937. Calculate o(g).
-1
Let a(k) = 4*k**2 + 11*k**2 - 9 - 16*k**2 - 177*k + 170*k. Calculate a(-6).
-3
Let r(h) = -h**3 + h**2 + 3*h. Let g(j) = j**3 + 2*j**2 - 7*j + 1. Let u(n) = -g(n) - 2*r(n). What is u(3)?
-7
Let u(b) = -187 - b + 47 + 47 + 51 + 49. Let j be 8 + 0 + 0 + 1. Calculate u(j).
-2
Let j(v) = -v**3 - 30*v + 28*v + 6*v**2 - 9*v**2 + 4 - 3. Calculate j(-3).
7
Let q(n) = -n + 2. Let v(r) = r**3 + 7*r**2 + 5*r - 11. Let i be v(-6). Let t be q(i). Let y(d) = -t - 4*d + 2*d + 3*d. Determine y(7).
0
Let r be 38/48 - -2*(-6)/16. Let w(l) be the third derivative of 0 - l**2 - r*l**4 + 0*l + 5/3*l**3. What is w(6)?
4
Let j = 0 - -2. Let l be (8/14)/(((-12)/(-42))/1). Suppose j*o - 24 = -l*o. Let m(f) = f**2 - 7*f - 7. What is m(o)?
-13
Let w(p) = 22*p - 20*p - 3*p - 6. Calculate w(-6).
0
Suppose 0 = 4*f - 6 - 42. Suppose 0 = -0*z - 4*z - f. Let g(a) = 4*a**2 + 2*a. Let j(w) = -9*w**2 - 4*w + 1. Let r(k) = 7*g(k) + 3*j(k). Determine r(z).
6
Suppose 3302*r + 20 = 3298*r. Let j(w) be the second derivative of w**5/20 + w**4/2 + w**3 + 2*w**2 - 2*w. Calculate j(r).
-1
Let n = 378 + -375. Let i(t) be the second derivative of 3*t + 5/2*t**2 + 0 + 1/6*t**n. Calculate i(5).
10
Let y(u) = -u**2 - 2*u - 5. Let i(c) = 2*c**2 + 34*c + 9. Let z be i(-15). Let l = -56 - z. Give y(l).
-20
Suppose 0 = -11*l - 3 + 69. Let n(o) = o - 7. Calculate n(l).
-1
Let h(z) = -7*z**3 + 23*z**2 + 7*z - 22. Let t(x) = -4*x**3 + 12*x**2 + 4*x - 11. Let r(a) = 3*h(a) - 5*t(a). Calculate r(9).
-2
Let u(p) = 6*p**2 + 11*p**2 - 25 + 16*p - 12*p. Let o(c) = -4*c**2 - c + 6. Let z(b) = -9*o(b) - 2*u(b). Let v(i) be the first derivative of z(i). Give v(1).
5
Let b(p) = -p**3 - 6*p**2 + p + 3. Let r = 42 + -19. Let n be (-2 - (0 + -3))*r. Let q = 17 - n. Calculate b(q).
-3
Let r = -571 + 599. Let y(j) = j - 23. Determine y(r).
5
Let i(q) = q**3 + 4*q**2 + 3. Suppose -9*g - 23 = 4. Give i(g).
12
Let d(w) be the first derivative of w**4/4 - 8*w**3/3 + 7*w**2/2 - 2*w + 109. Calculate d(7).
-2
Let k be ((-8)/(-10))/(2/5). Suppose -9*g - 15*g - 24 = 0. Let p = g + k. Let c(t) = 6*t - 1. What is c(p)?
5
Let q(z) = 19*z - 13. Let m(s) = -10*s + 9. Let u(c) = -5*m(c) - 3*q(c). Determine u(-2).
8
Let z(s) = 2*s - 4. Let x(r) = 2*r - 6. Let y(u) = u - 1. Let h(o) = -x(o) + y(o). Let t be h(8). What is z(t)?
-10
Let l(w) be the second derivative of -w**5/20 - 5*w**4/12 - w**3/2 - 3*w**2/2 + 4061*w. Let g = 6 + -11. What is l(g)?
12
Let a = -12 - -18. Let k(p) = -7*p**2 + 10. Suppose 0 = -6*t + 4*t + 10. Let q(m) = 6*m**2 - m - 9. Let y(o) = t*k(o) + 6*q(o). What is y(a)?
-4
Let p be -3 - -2*4/8. Let x be (p/(-10))/(1/5). Let v(y) = 5*y**3 - y**2 + y. Calculate v(x).
5
Let a(d) be the third derivative of 5/24*d**4 + 0*d + 0 + 2*d**2 - 2/3*d**3. Suppose -3 = 4*u + 1, -3*u = i. Give a(i).
11
Let u be (4/(-2))/(12/(-42)). Suppose 3 = m + u. Let k(